6. What is the hundreds digit of m?
0
Suppose -4*t + 3870 + 2114 = 0. Suppose -10*a + t = -1174. Suppose 717 = 3*f + 3*l + a, 0 = -5*l + 10. What is the tens digit of f?
4
Let c be (-2)/(-2) - (6 - 4). Let h be (1 - c) + (-3 + 0)*-22. Suppose -4*d + 324 = -h. What is the units digit of d?
8
Suppose 0 = 5*o - 15, -2*d - o + 94 = 3*o. Let g = -34 - d. What is the hundreds digit of (-11535)/g - (-1)/5?
1
Let p = -6795 - -3845. Let o = 4739 + p. What is the hundreds digit of o?
7
Let y = 44381 - 19842. What is the units digit of y?
9
Let h = 129 + -124. What is the hundreds digit of (-1126)/(-10) + 2/h?
1
Suppose -x = 2*x + 3, 0 = -3*m + x - 2. Let g(f) be the first derivative of -73*f**2 - f - 23. What is the hundreds digit of g(m)?
1
Suppose 0 = q + 5*z - 8329, -42*q + 3*z = -41*q - 8329. Suppose -10*t + 10901 = -q. What is the hundreds digit of t?
9
Suppose 159*q = 155*q + 2444. Let t = -365 + q. What is the units digit of t?
6
Let g be (240 - 3 - -6) + (2 - -1). Suppose 3*b - 336 - g = 0. What is the units digit of b?
4
Let v be -43 - (2 + 2 - 7). Let d = v + 45. Suppose -1210 = -5*h + d*g, 3*h + 6*g = g + 710. What is the hundreds digit of h?
2
Suppose -4*t - 12 = 0, 3*l - 11260 - 107 = -3*t. What is the tens digit of l?
9
Let w = 1328 - -583. Suppose -w + 182 = -7*y. What is the units digit of y?
7
Suppose -52*t + 47*t = -3*f - 381673, 4*f - 305396 = -4*t. What is the tens digit of t?
4
Let x(d) = d**2 - 3*d - 8. Let j be x(5). Let h be (2 + -1 - -274) + 4. Suppose 3*g + z - 99 = j*g, -3*g + 3*z = -h. What is the tens digit of g?
9
Suppose 0 = -5*n - 4*m + 30, 5*n = -0*n - 3*m + 35. Let p be (526/n)/((-24)/(-120)). Let c = 437 - p. What is the tens digit of c?
7
Let l be (-2461)/(-4) - 2/8. Let y be (1 - -2)*((-3 - -21) + -17). Suppose -3*r + 369 = g, l = y*r + 2*r - 2*g. What is the hundreds digit of r?
1
Suppose 9749 = -22*g - 6095 + 92008. What is the tens digit of g?
6
Suppose 6*h - 7525 = -2*r + 30997, -2*h = -r + 19221. What is the ten thousands digit of r?
1
Suppose -144 = -7*s - 17*s. What is the units digit of s/16 + (-2)/(64/(-15316))?
9
Let p = 70 + -70. Let m be 0*(-3 + p + 2). What is the hundreds digit of (-4)/(-6)*(327/2 - m)?
1
What is the hundreds digit of 41 - 23 - -26278 - 1?
2
Suppose 0 = 3*n - t - 14, 0 = n + 4*n - 5*t - 30. Suppose -5*o = k - 2645 + 409, -n*o = 4*k - 1792. What is the hundreds digit of o?
4
Let f(j) = j**3 + j**2 - j + 1. Let x be f(1). Suppose -3*a = -x*m + 1212, 2*m = -2*a + 500 + 732. What is the units digit of m?
2
Let g be 2/(-10) + (-63)/(-15) + 4. Let l be 60/g + 2/8*-2. Suppose 0 = v - l*v + 258. What is the units digit of v?
3
Let j = 85 - 80. Suppose -5*k - 2068 = c - 5305, c = j*k + 3237. Suppose -x = 12*x - c. What is the tens digit of x?
4
Let s be 4 - (28 - 3) - 3. Let q be (-1944)/16*s/9. Suppose -5*o + 10 + 350 = -5*c, -5*o - 4*c = -q. What is the units digit of o?
8
What is the units digit of (-58)/(-667) - (-2714730)/69?
4
Suppose -d = 3*d + 28. Let s(f) = -f**3 - 6*f**2 + 3*f - 11. Let y be s(d). Let u = 61 + y. What is the units digit of u?
8
Let x(i) = -39*i + 13. Let m(q) = -q**2 + 7*q - 5. Let t be m(6). Let o(p) = -1. Let g(y) = t*x(y) + 6*o(y). What is the units digit of g(-1)?
6
Let g(k) = -k**2 - 18*k - 15. Let i be g(-15). Let y(n) = i*n + 21 + 20*n - 54*n + 14. What is the tens digit of y(0)?
3
Let p(x) = -128*x**3 - x**2 - x - 6. Let a be p(-2). Suppose -5*y + a = -b - 0*b, -4*y - 2*b = -824. What is the hundreds digit of y?
2
Let a be (4 - 33/9)*-21. Let v be (-105*3)/(-3) + -2 + 2. What is the tens digit of 2/5 + a/(v/(-1104))?
7
Suppose 21*h - 2*h = -26*h + 267615. What is the tens digit of h?
4
Suppose -r + 14055 = -3*x, -3*r = 193*x - 194*x - 42141. What is the units digit of r?
6
Suppose -f + 5*x - 38 = 3*x, -119 = 4*f + 3*x. Suppose 86 = l - 15*i + 10*i, -5*i = -4*l + 374. Let a = l + f. What is the tens digit of a?
6
Let u = 283 + -529. Let j = -111 - u. What is the units digit of j?
5
Suppose w = 1, z + 3*w = 90 - 27. Let i = 377 - z. What is the tens digit of i?
1
Let a(z) = 111*z + 15. Let c be a(11). Let n = -40 + c. What is the hundreds digit of n?
1
Suppose -3*p = 5*p - 24. Suppose -p*f - 63 = -543. Suppose 3*w + 5*w = f. What is the tens digit of w?
2
Let y be 6/120*-5 - 12666/(-8). Let c = y + -826. What is the tens digit of c?
5
Let k = -12968 - -14647. What is the thousands digit of k?
1
Let d(o) = 32*o. Let c(l) = 128*l - 1. Let u(j) = -2*c(j) + 9*d(j). Let r be u(1). What is the tens digit of r/(-1)*52/(-8)?
2
Let j(a) = 715*a + 313. What is the thousands digit of j(21)?
5
Suppose 4*n - 4 = -4*w, -2*w = -7*w + 3*n - 3. Let b be (w - (-168)/5)/((-16)/(-80)). Suppose -2*x = -b - 114. What is the hundreds digit of x?
1
Let q(z) = -17*z - 149. Let g be q(23). Let m = g + 1324. What is the tens digit of m?
8
Let x(s) = 292*s**2 - 46*s + 138. What is the tens digit of x(3)?
2
What is the tens digit of (252/63)/((-4)/(-16545))?
4
What is the ten thousands digit of 11394/(-297)*2794/(-2)?
5
Suppose y + 4*m = 2*y - 5, 2*m = 2*y - 4. Let h(f) = 131*f**3 + f**2 + 7*f - 7. What is the units digit of h(y)?
2
Suppose 179*h - 232629 - 189274 = 0. What is the tens digit of h?
5
Suppose 1809*t = 1787*t + 594968. What is the units digit of t?
4
Let q be (-1263)/(-7) - 24/56. Let o be (q/21)/(6/231). Suppose 0 = 5*j - 5*k - o, 5*j - 254 = j - k. What is the units digit of j?
4
Let g be 30/105 + 332/14. What is the units digit of (-6 - g/(-6)) + 29?
7
Suppose 4*o = 4*h - 284, -h + 6*h = 20. Suppose 5*m + 4*v = -97, 2*m - 5*v + 4*v = -44. Let b = m - o. What is the units digit of b?
6
Let g(t) = -4*t**3 - 41*t**2 + 32*t - 8. Let r be g(-11). Suppose 0 = -r*z + 1690 + 1307. What is the units digit of z?
9
Suppose -9*h + 9388 = -287. Let o = h + -693. What is the tens digit of o?
8
Let v(i) = -i**2 + 20*i + 11. Suppose 0 = -q - 4*l - 0 - 2, -l = -3*q + 46. What is the tens digit of v(q)?
9
Let y be (8 + 0)*(130 + 1 + -3). Suppose -8*i - l = -4*i - y, -2*i + l + 518 = 0. What is the tens digit of i?
5
Let d be (-21)/6 - 2 - 1/2. Let b be d/(-15) - (-863)/5. Suppose 137 = o + 3*c, -3*o + 4*c = -199 - b. What is the tens digit of o?
2
Suppose 0 = -2*s + t + 68507, -4*s - 40*t + 38*t + 137018 = 0. What is the ten thousands digit of s?
3
Suppose 36*s = -27516 + 97248. What is the thousands digit of s?
1
Let b(c) = -3*c - 14. Let v be b(-6). Suppose -10*l = -v*l - 12. Suppose -l*r - 3*r = -220. What is the units digit of r?
4
Let g(c) = 2*c**2 - 29*c - 46. Let s be g(16). Suppose s*f - 275 = -5*i + 202, f - 231 = -4*i. What is the units digit of f?
1
Let a be (1 - 2)*(-6)/1. Suppose 0 = 37*i + 159 - 48. What is the units digit of a + i + 9 - (0 - -3)?
9
Suppose -17 = -5*d + 4*w, -4*d - 12 = -w - 30. Suppose -4*b = -d*b. What is the units digit of 6/2 - b/11?
3
Suppose -4*w + 9302 = -4*h + 2954, 0 = -4*w + h + 6342. What is the hundreds digit of w?
5
Let a = 19634 - 12465. What is the hundreds digit of a?
1
Let c(l) = -14*l - 43. Let b(j) = 26*j + 84. Let v(n) = -6*b(n) - 11*c(n). What is the tens digit of v(-27)?
2
Let p(z) = 15204*z**2 + 83*z - 85. What is the tens digit of p(1)?
0
Let z(q) be the second derivative of -q**3 + 0 + 1/2*q**2 - 17*q. What is the tens digit of z(-5)?
3
Let v = 888 + -884. Suppose v*p - 1721 = 4*y + 1051, y = -5. What is the units digit of p?
8
What is the tens digit of 445246/(-57)*-3 - -2?
3
Let s = 4702 + -2938. Let b = s - 1182. What is the hundreds digit of b?
5
Let s(v) = v**2 - 4*v + 2. Let j be s(6). Suppose -l = -j*l + 2*l. Let o = 51 + l. What is the tens digit of o?
5
Suppose 1153004 - 339488 = a + 10*a. What is the thousands digit of a?
3
Suppose -2*b - 3*b - 15 = -2*n, -b = 2*n - 21. Suppose -v = v - n. Let f(z) = -z**3 + 4*z**2 + 7*z - 7. What is the units digit of f(v)?
3
Let v(x) = 19*x**3 - 8*x + 16*x - 2 - 6*x - x**2. What is the tens digit of v(3)?
0
Let q be (-128)/(-20) - 6 - (-13)/5. Suppose 3 + 12 = 5*z. Suppose a - m = -z*a + 246, -q*m = -5*a + 304. What is the tens digit of a?
6
Let i = 23 + -21. Let w be 0*i/6 + 1 + -8. What is the tens digit of 0 + w*(-10 + 3)?
4
Suppose 0*c + 116 = 5*c - 2*k, 5*c - 125 = 5*k. Let g = -22 + c. Suppose -5*b = g, -o - 5*b = o - 34. What is the units digit of o?
7
Let v be 7/(35/(-2)) + 154/3